{"id":10,"date":"2024-12-10T09:55:00","date_gmt":"2024-12-10T09:55:00","guid":{"rendered":"https:\/\/sch\u00f6nheitschirurg-luzern.ch\/?page_id=10"},"modified":"2024-12-20T08:41:08","modified_gmt":"2024-12-20T08:41:08","slug":"schoenheitschirurg-luzern-expertise-aesthetik","status":"publish","type":"page","link":"https:\/\/sch\u00f6nheitschirurg-luzern.ch\/","title":{"rendered":"Sch\u00f6nheitschirurg Luzern \u2013 Expertise &amp; \u00c4sthetik"},"content":{"rendered":"\t\t<div data-elementor-type=\"wp-page\" data-elementor-id=\"10\" class=\"elementor elementor-10\" data-elementor-post-type=\"page\">\n\t\t\t\t\t\t<section class=\"elementor-section elementor-top-section elementor-element elementor-element-51d6107 elementor-section-height-min-height elementor-section-boxed elementor-section-height-default elementor-section-items-middle\" data-id=\"51d6107\" data-element_type=\"section\" data-settings=\"{&quot;background_background&quot;:&quot;classic&quot;,&quot;shape_divider_bottom&quot;:&quot;opacity-tilt&quot;}\">\n\t\t\t\t\t\t\t<div class=\"elementor-background-overlay\"><\/div>\n\t\t\t\t\t\t<div class=\"elementor-shape elementor-shape-bottom\" data-negative=\"false\">\n\t\t\t<svg xmlns=\"http:\/\/www.w3.org\/2000\/svg\" viewBox=\"0 0 2600 131.1\" preserveAspectRatio=\"none\">\n\t<path class=\"elementor-shape-fill\" d=\"M0 0L2600 0 2600 69.1 0 0z\"\/>\n\t<path class=\"elementor-shape-fill\" style=\"opacity:0.5\" d=\"M0 0L2600 0 2600 69.1 0 69.1z\"\/>\n\t<path class=\"elementor-shape-fill\" style=\"opacity:0.25\" d=\"M2600 0L0 0 0 130.1 2600 69.1z\"\/>\n<\/svg>\t\t<\/div>\n\t\t\t\t\t<div class=\"elementor-container elementor-column-gap-no\">\n\t\t\t\t\t<div class=\"elementor-column elementor-col-100 elementor-top-column elementor-element elementor-element-8f07c70\" data-id=\"8f07c70\" data-element_type=\"column\">\n\t\t\t<div class=\"elementor-widget-wrap elementor-element-populated\">\n\t\t\t\t\t\t<div class=\"elementor-element elementor-element-252d9ff elementor-widget elementor-widget-heading\" data-id=\"252d9ff\" data-element_type=\"widget\" data-widget_type=\"heading.default\">\n\t\t\t\t<div class=\"elementor-widget-container\">\n\t\t\t\t\t<h1 class=\"elementor-heading-title elementor-size-default\">Der Wegbereiter moderner Medizin und \u00c4sthetik\n<\/h1>\t\t\t\t<\/div>\n\t\t\t\t<\/div>\n\t\t\t\t\t<\/div>\n\t\t<\/div>\n\t\t\t\t\t<\/div>\n\t\t<\/section>\n\t\t\t\t<section class=\"elementor-section elementor-top-section elementor-element elementor-element-fdd7dcc elementor-section-boxed elementor-section-height-default elementor-section-height-default\" data-id=\"fdd7dcc\" data-element_type=\"section\" data-settings=\"{&quot;background_background&quot;:&quot;gradient&quot;}\">\n\t\t\t\t\t\t<div class=\"elementor-container elementor-column-gap-default\">\n\t\t\t\t\t<div class=\"elementor-column elementor-col-50 elementor-top-column elementor-element elementor-element-b2c0bd7\" data-id=\"b2c0bd7\" data-element_type=\"column\">\n\t\t\t<div class=\"elementor-widget-wrap elementor-element-populated\">\n\t\t\t\t\t\t<div class=\"elementor-element elementor-element-25b66bf elementor-widget elementor-widget-heading\" data-id=\"25b66bf\" data-element_type=\"widget\" data-widget_type=\"heading.default\">\n\t\t\t\t<div class=\"elementor-widget-container\">\n\t\t\t\t\t<h2 class=\"elementor-heading-title elementor-size-default\">Paracelsus \u2013 Eine Schweizer Legende in der Medizin<\/h2>\t\t\t\t<\/div>\n\t\t\t\t<\/div>\n\t\t\t\t<div class=\"elementor-element elementor-element-8be6bc7 elementor-widget elementor-widget-image\" data-id=\"8be6bc7\" data-element_type=\"widget\" data-widget_type=\"image.default\">\n\t\t\t\t<div class=\"elementor-widget-container\">\n\t\t\t\t\t\t\t\t\t\t\t\t\t\t\t<img fetchpriority=\"high\" decoding=\"async\" width=\"1920\" height=\"652\" src=\"https:\/\/sch\u00f6nheitschirurg-luzern.ch\/wp-content\/uploads\/2024\/12\/PARACELSUS_IMAGE.webp\" class=\"attachment-full size-full wp-image-30\" alt=\"\" srcset=\"https:\/\/sch\u00f6nheitschirurg-luzern.ch\/wp-content\/uploads\/2024\/12\/PARACELSUS_IMAGE.webp 1920w, https:\/\/sch\u00f6nheitschirurg-luzern.ch\/wp-content\/uploads\/2024\/12\/PARACELSUS_IMAGE-300x102.webp 300w, https:\/\/sch\u00f6nheitschirurg-luzern.ch\/wp-content\/uploads\/2024\/12\/PARACELSUS_IMAGE-1024x348.webp 1024w, https:\/\/sch\u00f6nheitschirurg-luzern.ch\/wp-content\/uploads\/2024\/12\/PARACELSUS_IMAGE-768x261.webp 768w, https:\/\/sch\u00f6nheitschirurg-luzern.ch\/wp-content\/uploads\/2024\/12\/PARACELSUS_IMAGE-1536x522.webp 1536w\" sizes=\"(max-width: 1920px) 100vw, 1920px\" \/>\t\t\t\t\t\t\t\t\t\t\t\t\t\t\t<\/div>\n\t\t\t\t<\/div>\n\t\t\t\t<div class=\"elementor-element elementor-element-0f42aac elementor-widget elementor-widget-text-editor\" data-id=\"0f42aac\" data-element_type=\"widget\" data-widget_type=\"text-editor.default\">\n\t\t\t\t<div class=\"elementor-widget-container\">\n\t\t\t\t\t\t\t\t\t<p>Theophrastus Bombastus von Hohenheim, bekannt als Paracelsus, revolutionierte im 16. Jahrhundert die Heilkunst. Geboren in der Schweiz, kombinierte er Wissenschaft und Menschlichkeit, um die Gesundheit von K\u00f6rper und Geist in Einklang zu bringen. Sein ganzheitliches Denken inspiriert bis heute die moderne Sch\u00f6nheitschirurgie, die das Wohlbefinden und die \u00c4sthetik des Menschen in den Mittelpunkt stellt.<\/p>\t\t\t\t\t\t\t\t<\/div>\n\t\t\t\t<\/div>\n\t\t\t\t\t<\/div>\n\t\t<\/div>\n\t\t\t\t<div class=\"elementor-column elementor-col-50 elementor-top-column elementor-element elementor-element-8436e81\" data-id=\"8436e81\" data-element_type=\"column\">\n\t\t\t<div class=\"elementor-widget-wrap elementor-element-populated\">\n\t\t\t\t\t\t<div class=\"elementor-element elementor-element-27729be elementor-widget elementor-widget-heading\" data-id=\"27729be\" data-element_type=\"widget\" data-widget_type=\"heading.default\">\n\t\t\t\t<div class=\"elementor-widget-container\">\n\t\t\t\t\t<h2 class=\"elementor-heading-title elementor-size-default\">Luzern \u2013 Heimat von Sch\u00f6nheit und Pr\u00e4zision\n<\/h2>\t\t\t\t<\/div>\n\t\t\t\t<\/div>\n\t\t\t\t<div class=\"elementor-element elementor-element-e017592 elementor-widget elementor-widget-image\" data-id=\"e017592\" data-element_type=\"widget\" data-widget_type=\"image.default\">\n\t\t\t\t<div class=\"elementor-widget-container\">\n\t\t\t\t\t\t\t\t\t\t\t\t\t\t\t<img decoding=\"async\" width=\"1920\" height=\"652\" src=\"https:\/\/sch\u00f6nheitschirurg-luzern.ch\/wp-content\/uploads\/2024\/12\/Paracelsus.webp\" class=\"attachment-full size-full wp-image-28\" alt=\"\" srcset=\"https:\/\/sch\u00f6nheitschirurg-luzern.ch\/wp-content\/uploads\/2024\/12\/Paracelsus.webp 1920w, https:\/\/sch\u00f6nheitschirurg-luzern.ch\/wp-content\/uploads\/2024\/12\/Paracelsus-300x102.webp 300w, https:\/\/sch\u00f6nheitschirurg-luzern.ch\/wp-content\/uploads\/2024\/12\/Paracelsus-1024x348.webp 1024w, https:\/\/sch\u00f6nheitschirurg-luzern.ch\/wp-content\/uploads\/2024\/12\/Paracelsus-768x261.webp 768w, https:\/\/sch\u00f6nheitschirurg-luzern.ch\/wp-content\/uploads\/2024\/12\/Paracelsus-1536x522.webp 1536w\" sizes=\"(max-width: 1920px) 100vw, 1920px\" \/>\t\t\t\t\t\t\t\t\t\t\t\t\t\t\t<\/div>\n\t\t\t\t<\/div>\n\t\t\t\t<div class=\"elementor-element elementor-element-413c542 elementor-widget elementor-widget-text-editor\" data-id=\"413c542\" data-element_type=\"widget\" data-widget_type=\"text-editor.default\">\n\t\t\t\t<div class=\"elementor-widget-container\">\n\t\t\t\t\t\t\t\t\tLuzern, mit seiner charmanten Altstadt und dem beeindruckenden Vierwaldst\u00e4ttersee, verbindet Tradition mit Moderne. Diese Stadt, gepr\u00e4gt von Sch\u00f6nheit und Eleganz, bietet auch in der Sch\u00f6nheitschirurgie h\u00f6chste Pr\u00e4zision. Experten in Luzern arbeiten nach den Prinzipien von Paracelsus, um individuelle W\u00fcnsche zu erf\u00fcllen und Selbstbewusstsein zu st\u00e4rken.\t\t\t\t\t\t\t\t<\/div>\n\t\t\t\t<\/div>\n\t\t\t\t\t<\/div>\n\t\t<\/div>\n\t\t\t\t\t<\/div>\n\t\t<\/section>\n\t\t\t\t<section class=\"elementor-section elementor-top-section elementor-element elementor-element-0cee707 elementor-section-boxed elementor-section-height-default elementor-section-height-default\" data-id=\"0cee707\" data-element_type=\"section\">\n\t\t\t\t\t\t<div class=\"elementor-container elementor-column-gap-default\">\n\t\t\t\t\t<div class=\"elementor-column elementor-col-50 elementor-top-column elementor-element elementor-element-fb6a637\" data-id=\"fb6a637\" data-element_type=\"column\">\n\t\t\t<div class=\"elementor-widget-wrap elementor-element-populated\">\n\t\t\t\t\t\t<div class=\"elementor-element elementor-element-d80b61f elementor-widget elementor-widget-heading\" data-id=\"d80b61f\" data-element_type=\"widget\" data-widget_type=\"heading.default\">\n\t\t\t\t<div class=\"elementor-widget-container\">\n\t\t\t\t\t<h2 class=\"elementor-heading-title elementor-size-default\">Sch\u00f6nheitschirurgie in Luzern \u2013 Perfektion durch Expertise<br><br><\/h2>\t\t\t\t<\/div>\n\t\t\t\t<\/div>\n\t\t\t\t<div class=\"elementor-element elementor-element-acf72ea elementor-widget elementor-widget-image\" data-id=\"acf72ea\" data-element_type=\"widget\" data-widget_type=\"image.default\">\n\t\t\t\t<div class=\"elementor-widget-container\">\n\t\t\t\t\t\t\t\t\t\t\t\t\t\t\t<img decoding=\"async\" width=\"1920\" height=\"652\" src=\"https:\/\/sch\u00f6nheitschirurg-luzern.ch\/wp-content\/uploads\/2024\/12\/chirurgie.webp\" class=\"attachment-full size-full wp-image-31\" alt=\"\" srcset=\"https:\/\/sch\u00f6nheitschirurg-luzern.ch\/wp-content\/uploads\/2024\/12\/chirurgie.webp 1920w, https:\/\/sch\u00f6nheitschirurg-luzern.ch\/wp-content\/uploads\/2024\/12\/chirurgie-300x102.webp 300w, https:\/\/sch\u00f6nheitschirurg-luzern.ch\/wp-content\/uploads\/2024\/12\/chirurgie-1024x348.webp 1024w, https:\/\/sch\u00f6nheitschirurg-luzern.ch\/wp-content\/uploads\/2024\/12\/chirurgie-768x261.webp 768w, https:\/\/sch\u00f6nheitschirurg-luzern.ch\/wp-content\/uploads\/2024\/12\/chirurgie-1536x522.webp 1536w\" sizes=\"(max-width: 1920px) 100vw, 1920px\" \/>\t\t\t\t\t\t\t\t\t\t\t\t\t\t\t<\/div>\n\t\t\t\t<\/div>\n\t\t\t\t<div class=\"elementor-element elementor-element-a18a4d6 elementor-widget elementor-widget-text-editor\" data-id=\"a18a4d6\" data-element_type=\"widget\" data-widget_type=\"text-editor.default\">\n\t\t\t\t<div class=\"elementor-widget-container\">\n\t\t\t\t\t\t\t\t\t<p>Die Sch\u00f6nheitschirurgen in Luzern kombinieren modernste Technologien mit Erfahrung und Einf\u00fchlungsverm\u00f6gen. Ob Faltenbehandlungen, Facelifts oder Nasenkorrekturen \u2013 jeder Eingriff beginnt mit einer pers\u00f6nlichen Beratung, um individuelle Bed\u00fcrfnisse zu verstehen. Minimal-invasive Techniken und eine umfassende Nachsorge gew\u00e4hrleisten, dass Sie sich von Anfang an in sicheren H\u00e4nden f\u00fchlen.<\/p>\t\t\t\t\t\t\t\t<\/div>\n\t\t\t\t<\/div>\n\t\t\t\t\t<\/div>\n\t\t<\/div>\n\t\t\t\t<div class=\"elementor-column elementor-col-50 elementor-top-column elementor-element elementor-element-2d2fae1\" data-id=\"2d2fae1\" data-element_type=\"column\">\n\t\t\t<div class=\"elementor-widget-wrap elementor-element-populated\">\n\t\t\t\t\t\t<div class=\"elementor-element elementor-element-ef6abb0 elementor-widget elementor-widget-heading\" data-id=\"ef6abb0\" data-element_type=\"widget\" data-widget_type=\"heading.default\">\n\t\t\t\t<div class=\"elementor-widget-container\">\n\t\t\t\t\t<h2 class=\"elementor-heading-title elementor-size-default\">Paracelsus und die moderne Sch\u00f6nheitschirurgie: Eine Br\u00fccke zwischen Tradition und Innovation<\/h2>\t\t\t\t<\/div>\n\t\t\t\t<\/div>\n\t\t\t\t<div class=\"elementor-element elementor-element-9fa52eb elementor-widget elementor-widget-image\" data-id=\"9fa52eb\" data-element_type=\"widget\" data-widget_type=\"image.default\">\n\t\t\t\t<div class=\"elementor-widget-container\">\n\t\t\t\t\t\t\t\t\t\t\t\t\t\t\t<img loading=\"lazy\" decoding=\"async\" width=\"1920\" height=\"652\" src=\"https:\/\/sch\u00f6nheitschirurg-luzern.ch\/wp-content\/uploads\/2024\/12\/Paracelsus-und-die-moderne-Schoenheitschirurgie.webp\" class=\"attachment-full size-full wp-image-57\" alt=\"Paracelsus und die moderne Sch\u00f6nheitschirurgie\" srcset=\"https:\/\/sch\u00f6nheitschirurg-luzern.ch\/wp-content\/uploads\/2024\/12\/Paracelsus-und-die-moderne-Schoenheitschirurgie.webp 1920w, https:\/\/sch\u00f6nheitschirurg-luzern.ch\/wp-content\/uploads\/2024\/12\/Paracelsus-und-die-moderne-Schoenheitschirurgie-300x102.webp 300w, https:\/\/sch\u00f6nheitschirurg-luzern.ch\/wp-content\/uploads\/2024\/12\/Paracelsus-und-die-moderne-Schoenheitschirurgie-1024x348.webp 1024w, https:\/\/sch\u00f6nheitschirurg-luzern.ch\/wp-content\/uploads\/2024\/12\/Paracelsus-und-die-moderne-Schoenheitschirurgie-768x261.webp 768w, https:\/\/sch\u00f6nheitschirurg-luzern.ch\/wp-content\/uploads\/2024\/12\/Paracelsus-und-die-moderne-Schoenheitschirurgie-1536x522.webp 1536w\" sizes=\"(max-width: 1920px) 100vw, 1920px\" \/>\t\t\t\t\t\t\t\t\t\t\t\t\t\t\t<\/div>\n\t\t\t\t<\/div>\n\t\t\t\t<div class=\"elementor-element elementor-element-4a6cf67 elementor-widget elementor-widget-text-editor\" data-id=\"4a6cf67\" data-element_type=\"widget\" data-widget_type=\"text-editor.default\">\n\t\t\t\t<div class=\"elementor-widget-container\">\n\t\t\t\t\t\t\t\t\tDie Sch\u00f6nheitschirurgie in Luzern kombiniert medizinische Pr\u00e4zision mit der Philosophie von Paracelsus. Entdecken Sie, wie Wissenschaft, Kunst und Menschlichkeit zu \u00e4sthetischen und ganzheitlichen Ergebnissen f\u00fchren.\t\t\t\t\t\t\t\t<\/div>\n\t\t\t\t<\/div>\n\t\t\t\t\t<\/div>\n\t\t<\/div>\n\t\t\t\t\t<\/div>\n\t\t<\/section>\n\t\t\t\t<section class=\"elementor-section elementor-top-section elementor-element elementor-element-a52cadc elementor-section-boxed elementor-section-height-default elementor-section-height-default\" data-id=\"a52cadc\" data-element_type=\"section\">\n\t\t\t\t\t\t<div class=\"elementor-container elementor-column-gap-default\">\n\t\t\t\t\t<div class=\"elementor-column elementor-col-50 elementor-top-column elementor-element elementor-element-9a92b2e\" data-id=\"9a92b2e\" data-element_type=\"column\">\n\t\t\t<div class=\"elementor-widget-wrap elementor-element-populated\">\n\t\t\t\t\t\t<div class=\"elementor-element elementor-element-a58ddd3 elementor-widget elementor-widget-heading\" data-id=\"a58ddd3\" data-element_type=\"widget\" data-widget_type=\"heading.default\">\n\t\t\t\t<div class=\"elementor-widget-container\">\n\t\t\t\t\t<h2 class=\"elementor-heading-title elementor-size-default\">Die Philosophie von Paracelsus in der Sch\u00f6nheitschirurgie\n\n<\/h2>\t\t\t\t<\/div>\n\t\t\t\t<\/div>\n\t\t\t\t<div class=\"elementor-element elementor-element-81abbb7 elementor-widget elementor-widget-image\" data-id=\"81abbb7\" data-element_type=\"widget\" data-widget_type=\"image.default\">\n\t\t\t\t<div class=\"elementor-widget-container\">\n\t\t\t\t\t\t\t\t\t\t\t\t\t\t\t<img loading=\"lazy\" decoding=\"async\" width=\"1920\" height=\"652\" src=\"https:\/\/sch\u00f6nheitschirurg-luzern.ch\/wp-content\/uploads\/2024\/12\/Die-Philosophie-von-Paracelsus.webp\" class=\"attachment-full size-full wp-image-63\" alt=\"Die Philosophie von Paracelsus\" srcset=\"https:\/\/sch\u00f6nheitschirurg-luzern.ch\/wp-content\/uploads\/2024\/12\/Die-Philosophie-von-Paracelsus.webp 1920w, https:\/\/sch\u00f6nheitschirurg-luzern.ch\/wp-content\/uploads\/2024\/12\/Die-Philosophie-von-Paracelsus-300x102.webp 300w, https:\/\/sch\u00f6nheitschirurg-luzern.ch\/wp-content\/uploads\/2024\/12\/Die-Philosophie-von-Paracelsus-1024x348.webp 1024w, https:\/\/sch\u00f6nheitschirurg-luzern.ch\/wp-content\/uploads\/2024\/12\/Die-Philosophie-von-Paracelsus-768x261.webp 768w, https:\/\/sch\u00f6nheitschirurg-luzern.ch\/wp-content\/uploads\/2024\/12\/Die-Philosophie-von-Paracelsus-1536x522.webp 1536w\" sizes=\"(max-width: 1920px) 100vw, 1920px\" \/>\t\t\t\t\t\t\t\t\t\t\t\t\t\t\t<\/div>\n\t\t\t\t<\/div>\n\t\t\t\t<div class=\"elementor-element elementor-element-92ec4b6 elementor-widget elementor-widget-heading\" data-id=\"92ec4b6\" data-element_type=\"widget\" data-widget_type=\"heading.default\">\n\t\t\t\t<div class=\"elementor-widget-container\">\n\t\t\t\t\t<h3 class=\"elementor-heading-title elementor-size-default\">Ganzheitlicher Ansatz f\u00fcr K\u00f6rper und Geist\n\n<\/h3>\t\t\t\t<\/div>\n\t\t\t\t<\/div>\n\t\t\t\t<div class=\"elementor-element elementor-element-9666210 elementor-widget elementor-widget-text-editor\" data-id=\"9666210\" data-element_type=\"widget\" data-widget_type=\"text-editor.default\">\n\t\t\t\t<div class=\"elementor-widget-container\">\n\t\t\t\t\t\t\t\t\tParacelsus lehrte die Verbindung von K\u00f6rper und Seele \u2013 eine Philosophie, die heute in der Sch\u00f6nheitschirurgie Anwendung findet.\t\t\t\t\t\t\t\t<\/div>\n\t\t\t\t<\/div>\n\t\t\t\t<div class=\"elementor-element elementor-element-3dc24a7 elementor-widget elementor-widget-heading\" data-id=\"3dc24a7\" data-element_type=\"widget\" data-widget_type=\"heading.default\">\n\t\t\t\t<div class=\"elementor-widget-container\">\n\t\t\t\t\t<h3 class=\"elementor-heading-title elementor-size-default\">Minimal-invasive Methoden und \u00e4sthetische Perfektion\n\n<\/h3>\t\t\t\t<\/div>\n\t\t\t\t<\/div>\n\t\t\t\t<div class=\"elementor-element elementor-element-9ddc646 elementor-widget elementor-widget-text-editor\" data-id=\"9ddc646\" data-element_type=\"widget\" data-widget_type=\"text-editor.default\">\n\t\t\t\t<div class=\"elementor-widget-container\">\n\t\t\t\t\t\t\t\t\tVon Botox bis zu Nasenkorrekturen: Schonende Eingriffe bewahren die nat\u00fcrliche Sch\u00f6nheit und f\u00f6rdern schnelles Wohlbefinden.\t\t\t\t\t\t\t\t<\/div>\n\t\t\t\t<\/div>\n\t\t\t\t\t<\/div>\n\t\t<\/div>\n\t\t\t\t<div class=\"elementor-column elementor-col-50 elementor-top-column elementor-element elementor-element-6f5bc33\" data-id=\"6f5bc33\" data-element_type=\"column\">\n\t\t\t<div class=\"elementor-widget-wrap elementor-element-populated\">\n\t\t\t\t\t\t<div class=\"elementor-element elementor-element-128afb4 elementor-widget elementor-widget-heading\" data-id=\"128afb4\" data-element_type=\"widget\" data-widget_type=\"heading.default\">\n\t\t\t\t<div class=\"elementor-widget-container\">\n\t\t\t\t\t<h2 class=\"elementor-heading-title elementor-size-default\">Individuelle Betreuung in Luzern\n\n<\/h2>\t\t\t\t<\/div>\n\t\t\t\t<\/div>\n\t\t\t\t<div class=\"elementor-element elementor-element-e7f1233 elementor-widget elementor-widget-image\" data-id=\"e7f1233\" data-element_type=\"widget\" data-widget_type=\"image.default\">\n\t\t\t\t<div class=\"elementor-widget-container\">\n\t\t\t\t\t\t\t\t\t\t\t\t\t\t\t<img loading=\"lazy\" decoding=\"async\" width=\"1920\" height=\"652\" src=\"https:\/\/sch\u00f6nheitschirurg-luzern.ch\/wp-content\/uploads\/2024\/12\/Individuelle-Betreuung-in-Luzern.webp\" class=\"attachment-full size-full wp-image-64\" alt=\"\" srcset=\"https:\/\/sch\u00f6nheitschirurg-luzern.ch\/wp-content\/uploads\/2024\/12\/Individuelle-Betreuung-in-Luzern.webp 1920w, https:\/\/sch\u00f6nheitschirurg-luzern.ch\/wp-content\/uploads\/2024\/12\/Individuelle-Betreuung-in-Luzern-300x102.webp 300w, https:\/\/sch\u00f6nheitschirurg-luzern.ch\/wp-content\/uploads\/2024\/12\/Individuelle-Betreuung-in-Luzern-1024x348.webp 1024w, https:\/\/sch\u00f6nheitschirurg-luzern.ch\/wp-content\/uploads\/2024\/12\/Individuelle-Betreuung-in-Luzern-768x261.webp 768w, https:\/\/sch\u00f6nheitschirurg-luzern.ch\/wp-content\/uploads\/2024\/12\/Individuelle-Betreuung-in-Luzern-1536x522.webp 1536w\" sizes=\"(max-width: 1920px) 100vw, 1920px\" \/>\t\t\t\t\t\t\t\t\t\t\t\t\t\t\t<\/div>\n\t\t\t\t<\/div>\n\t\t\t\t<div class=\"elementor-element elementor-element-9a6098d elementor-widget elementor-widget-heading\" data-id=\"9a6098d\" data-element_type=\"widget\" data-widget_type=\"heading.default\">\n\t\t\t\t<div class=\"elementor-widget-container\">\n\t\t\t\t\t<h3 class=\"elementor-heading-title elementor-size-default\">Pers\u00f6nliche Beratung und Nachsorge\n\n<\/h3>\t\t\t\t<\/div>\n\t\t\t\t<\/div>\n\t\t\t\t<div class=\"elementor-element elementor-element-3797089 elementor-widget elementor-widget-text-editor\" data-id=\"3797089\" data-element_type=\"widget\" data-widget_type=\"text-editor.default\">\n\t\t\t\t<div class=\"elementor-widget-container\">\n\t\t\t\t\t\t\t\t\tPatienten genie\u00dfen eine einf\u00fchlsame, ma\u00dfgeschneiderte Betreuung vor, w\u00e4hrend und nach jedem Eingriff.\t\t\t\t\t\t\t\t<\/div>\n\t\t\t\t<\/div>\n\t\t\t\t<div class=\"elementor-element elementor-element-276a7f1 elementor-widget elementor-widget-heading\" data-id=\"276a7f1\" data-element_type=\"widget\" data-widget_type=\"heading.default\">\n\t\t\t\t<div class=\"elementor-widget-container\">\n\t\t\t\t\t<h3 class=\"elementor-heading-title elementor-size-default\">Diskretion und Komfort in Luzern\n<\/h3>\t\t\t\t<\/div>\n\t\t\t\t<\/div>\n\t\t\t\t<div class=\"elementor-element elementor-element-cc7579b elementor-widget elementor-widget-text-editor\" data-id=\"cc7579b\" data-element_type=\"widget\" data-widget_type=\"text-editor.default\">\n\t\t\t\t<div class=\"elementor-widget-container\">\n\t\t\t\t\t\t\t\t\tDie Stadt bietet eine ruhige, elegante Atmosph\u00e4re, ideal f\u00fcr Heilung und Regeneration.\t\t\t\t\t\t\t\t<\/div>\n\t\t\t\t<\/div>\n\t\t\t\t\t<\/div>\n\t\t<\/div>\n\t\t\t\t\t<\/div>\n\t\t<\/section>\n\t\t\t\t<section class=\"elementor-section elementor-top-section elementor-element elementor-element-a7ce515 elementor-section-boxed elementor-section-height-default elementor-section-height-default\" data-id=\"a7ce515\" data-element_type=\"section\">\n\t\t\t\t\t\t<div class=\"elementor-container elementor-column-gap-default\">\n\t\t\t\t\t<div class=\"elementor-column elementor-col-100 elementor-top-column elementor-element elementor-element-57bca14\" data-id=\"57bca14\" data-element_type=\"column\">\n\t\t\t<div class=\"elementor-widget-wrap elementor-element-populated\">\n\t\t\t\t\t\t<div class=\"elementor-element elementor-element-6ffd673 elementor-widget elementor-widget-heading\" data-id=\"6ffd673\" data-element_type=\"widget\" data-widget_type=\"heading.default\">\n\t\t\t\t<div class=\"elementor-widget-container\">\n\t\t\t\t\t<h2 class=\"elementor-heading-title elementor-size-default\">Fazit: Wissenschaft und \u00c4sthetik in Harmonie\n\n\n<\/h2>\t\t\t\t<\/div>\n\t\t\t\t<\/div>\n\t\t\t\t<div class=\"elementor-element elementor-element-d344bf2 elementor-widget elementor-widget-text-editor\" data-id=\"d344bf2\" data-element_type=\"widget\" data-widget_type=\"text-editor.default\">\n\t\t\t\t<div class=\"elementor-widget-container\">\n\t\t\t\t\t\t\t\t\tEntdecken Sie in Luzern eine neue Dimension der Sch\u00f6nheitschirurgie \u2013 inspiriert von Paracelsus&#8216; Lehren und unterst\u00fctzt von modernster Technologie.\t\t\t\t\t\t\t\t<\/div>\n\t\t\t\t<\/div>\n\t\t\t\t\t<\/div>\n\t\t<\/div>\n\t\t\t\t\t<\/div>\n\t\t<\/section>\n\t\t\t\t<\/div>\n\t\t","protected":false},"excerpt":{"rendered":"<p>Der Wegbereiter moderner Medizin und \u00c4sthetik Paracelsus \u2013 Eine Schweizer Legende in der Medizin Theophrastus Bombastus von Hohenheim, bekannt als Paracelsus, revolutionierte im 16. Jahrhundert die Heilkunst. Geboren in der Schweiz, kombinierte er Wissenschaft und Menschlichkeit, um die Gesundheit von K\u00f6rper und Geist in Einklang zu bringen. Sein ganzheitliches Denken inspiriert bis heute die moderne [&hellip;]<\/p>\n","protected":false},"author":1,"featured_media":0,"parent":0,"menu_order":0,"comment_status":"closed","ping_status":"closed","template":"elementor_header_footer","meta":{"footnotes":""},"class_list":["post-10","page","type-page","status-publish","hentry"],"aioseo_notices":[],"_links":{"self":[{"href":"https:\/\/sch\u00f6nheitschirurg-luzern.ch\/index.php?rest_route=\/wp\/v2\/pages\/10","targetHints":{"allow":["GET"]}}],"collection":[{"href":"https:\/\/sch\u00f6nheitschirurg-luzern.ch\/index.php?rest_route=\/wp\/v2\/pages"}],"about":[{"href":"https:\/\/sch\u00f6nheitschirurg-luzern.ch\/index.php?rest_route=\/wp\/v2\/types\/page"}],"author":[{"embeddable":true,"href":"https:\/\/sch\u00f6nheitschirurg-luzern.ch\/index.php?rest_route=\/wp\/v2\/users\/1"}],"replies":[{"embeddable":true,"href":"https:\/\/sch\u00f6nheitschirurg-luzern.ch\/index.php?rest_route=%2Fwp%2Fv2%2Fcomments&post=10"}],"version-history":[{"count":61,"href":"https:\/\/sch\u00f6nheitschirurg-luzern.ch\/index.php?rest_route=\/wp\/v2\/pages\/10\/revisions"}],"predecessor-version":[{"id":153,"href":"https:\/\/sch\u00f6nheitschirurg-luzern.ch\/index.php?rest_route=\/wp\/v2\/pages\/10\/revisions\/153"}],"wp:attachment":[{"href":"https:\/\/sch\u00f6nheitschirurg-luzern.ch\/index.php?rest_route=%2Fwp%2Fv2%2Fmedia&parent=10"}],"curies":[{"name":"wp","href":"https:\/\/api.w.org\/{rel}","templated":true}]}}